{"id":141,"date":"2016-11-20T19:49:37","date_gmt":"2016-11-20T18:49:37","guid":{"rendered":"http:\/\/dvs.c.vforce.eu\/?page_id=141"},"modified":"2016-11-22T16:09:06","modified_gmt":"2016-11-22T15:09:06","slug":"direktorentag-am-2-10-2013","status":"publish","type":"page","link":"http:\/\/direktorenvereinigung-sachsen.de\/?page_id=141","title":{"rendered":"Direktorentag am 2.10.2013"},"content":{"rendered":"<p>Unserer Einladung zum ersten s\u00e4chsischen Direktorentag der Schulart Gymnasien waren 46 Schulleiterinnen und Schulleiter gefolgt. \u00dcberraschend hoch war dabei das Interesse der Vertreter der freien Schulen, deren Arbeitsauftrag der amtierende Vorstand selbstverst\u00e4ndlich in die zuk\u00fcnftige Schwerpunktsetzung einbeziehen wird. Anliegen der Tagung war es, mit den Schulleitungen der Gymnasien ins Gespr\u00e4ch zu kommen, um perspektivisch die Arbeit der Vereinigung st\u00e4rker an den diskutierten Problempunkten zu orientieren. <a href=\"http:\/\/direktorenvereinigung-sachsen.de\/wp-content\/uploads\/2016\/11\/direktorentag_2013.pdf\">Weiterlesen...<\/a><\/p>\n<p><img loading=\"lazy\" class=\"alignnone wp-image-139\" src=\"http:\/\/direktorenvereinigung-sachsen.de\/wp-content\/uploads\/2016\/11\/direktorentag_2013_1-300x225.jpg\" alt=\"direktorentag_2013_1\" width=\"611\" height=\"458\" srcset=\"http:\/\/direktorenvereinigung-sachsen.de\/wp-content\/uploads\/2016\/11\/direktorentag_2013_1-300x225.jpg 300w, http:\/\/direktorenvereinigung-sachsen.de\/wp-content\/uploads\/2016\/11\/direktorentag_2013_1.jpg 653w\" sizes=\"(max-width: 611px) 100vw, 611px\" \/><br \/>\nFrau Staatsministerin Brunhilde Kurth, Frau Palluch und Herr Asper (VGS)<\/p>\n<p><img loading=\"lazy\" class=\"alignnone wp-image-140\" src=\"http:\/\/direktorenvereinigung-sachsen.de\/wp-content\/uploads\/2016\/11\/direktorentag_2013_2-300x225.jpg\" alt=\"direktorentag_2013_2\" width=\"611\" height=\"458\" srcset=\"http:\/\/direktorenvereinigung-sachsen.de\/wp-content\/uploads\/2016\/11\/direktorentag_2013_2-300x225.jpg 300w, http:\/\/direktorenvereinigung-sachsen.de\/wp-content\/uploads\/2016\/11\/direktorentag_2013_2.jpg 730w\" sizes=\"(max-width: 611px) 100vw, 611px\" \/><br \/>\nHerr Dr. Stein-Bastuck, Vorsitzender der Bundesdirektorenkonferenz Gymnasien<\/p>\n<p><img loading=\"lazy\" class=\"alignnone wp-image-137\" src=\"http:\/\/direktorenvereinigung-sachsen.de\/wp-content\/uploads\/2016\/11\/direktorentag_2013_3-300x225.jpg\" alt=\"direktorentag_2013_3\" width=\"611\" height=\"458\" srcset=\"http:\/\/direktorenvereinigung-sachsen.de\/wp-content\/uploads\/2016\/11\/direktorentag_2013_3-300x225.jpg 300w, http:\/\/direktorenvereinigung-sachsen.de\/wp-content\/uploads\/2016\/11\/direktorentag_2013_3.jpg 730w\" sizes=\"(max-width: 611px) 100vw, 611px\" \/><br \/>\nEin Blick in die Workshops<\/p>\n","protected":false},"excerpt":{"rendered":"<p>Unserer Einladung zum ersten s\u00e4chsischen Direktorentag der Schulart Gymnasien waren 46 Schulleiterinnen und Schulleiter gefolgt. \u00dcberraschend hoch war dabei das Interesse der Vertreter der freien Schulen, deren Arbeitsauftrag der amtierende Vorstand selbstverst\u00e4ndlich in die zuk\u00fcnftige Schwerpunktsetzung einbeziehen wird. Anliegen der Tagung war es, mit den Schulleitungen der Gymnasien ins Gespr\u00e4ch zu kommen, um perspektivisch die <a href=\"http:\/\/direktorenvereinigung-sachsen.de\/?page_id=141\" class=\"more-link\">...weiterlesen<span class=\"screen-reader-text\"> \"Direktorentag am 2.10.2013\"<\/span><\/a><\/p>\n","protected":false},"author":2,"featured_media":0,"parent":0,"menu_order":0,"comment_status":"closed","ping_status":"closed","template":"","meta":[],"_links":{"self":[{"href":"http:\/\/direktorenvereinigung-sachsen.de\/index.php?rest_route=\/wp\/v2\/pages\/141"}],"collection":[{"href":"http:\/\/direktorenvereinigung-sachsen.de\/index.php?rest_route=\/wp\/v2\/pages"}],"about":[{"href":"http:\/\/direktorenvereinigung-sachsen.de\/index.php?rest_route=\/wp\/v2\/types\/page"}],"author":[{"embeddable":true,"href":"http:\/\/direktorenvereinigung-sachsen.de\/index.php?rest_route=\/wp\/v2\/users\/2"}],"replies":[{"embeddable":true,"href":"http:\/\/direktorenvereinigung-sachsen.de\/index.php?rest_route=%2Fwp%2Fv2%2Fcomments&post=141"}],"version-history":[{"count":5,"href":"http:\/\/direktorenvereinigung-sachsen.de\/index.php?rest_route=\/wp\/v2\/pages\/141\/revisions"}],"predecessor-version":[{"id":157,"href":"http:\/\/direktorenvereinigung-sachsen.de\/index.php?rest_route=\/wp\/v2\/pages\/141\/revisions\/157"}],"wp:attachment":[{"href":"http:\/\/direktorenvereinigung-sachsen.de\/index.php?rest_route=%2Fwp%2Fv2%2Fmedia&parent=141"}],"curies":[{"name":"wp","href":"https:\/\/api.w.org\/{rel}","templated":true}]}}

<p>Unserer Einladung zum ersten sächsischen Direktorentag der Schulart Gymnasien waren 46 Schulleiterinnen und Schulleiter gefolgt. Überraschend hoch war dabei das Interesse der Vertreter der freien Schulen, deren Arbeitsauftrag der amtierende Vorstand selbstverständlich in die zukünftige Schwerpunktsetzung einbeziehen wird. Anliegen der Tagung war es, mit den Schulleitungen der Gymnasien ins Gespräch zu kommen, um perspektivisch die Arbeit der Vereinigung stärker an den diskutierten Problempunkten zu orientieren. <a href="http://direktorenvereinigung-sachsen.de/wp-content/uploads/2016/11/direktorentag_2013.pdf">Weiterlesen...</a></p>
<p><img loading="lazy" class="alignnone wp-image-139" src="http://direktorenvereinigung-sachsen.de/wp-content/uploads/2016/11/direktorentag_2013_1-300x225.jpg" alt="direktorentag_2013_1" width="611" height="458" srcset="http://direktorenvereinigung-sachsen.de/wp-content/uploads/2016/11/direktorentag_2013_1-300x225.jpg 300w, http://direktorenvereinigung-sachsen.de/wp-content/uploads/2016/11/direktorentag_2013_1.jpg 653w" sizes="(max-width: 611px) 100vw, 611px" /><br />
Frau Staatsministerin Brunhilde Kurth, Frau Palluch und Herr Asper (VGS)</p>
<p><img loading="lazy" class="alignnone wp-image-140" src="http://direktorenvereinigung-sachsen.de/wp-content/uploads/2016/11/direktorentag_2013_2-300x225.jpg" alt="direktorentag_2013_2" width="611" height="458" srcset="http://direktorenvereinigung-sachsen.de/wp-content/uploads/2016/11/direktorentag_2013_2-300x225.jpg 300w, http://direktorenvereinigung-sachsen.de/wp-content/uploads/2016/11/direktorentag_2013_2.jpg 730w" sizes="(max-width: 611px) 100vw, 611px" /><br />
Herr Dr. Stein-Bastuck, Vorsitzender der Bundesdirektorenkonferenz Gymnasien</p>
<p><img loading="lazy" class="alignnone wp-image-137" src="http://direktorenvereinigung-sachsen.de/wp-content/uploads/2016/11/direktorentag_2013_3-300x225.jpg" alt="direktorentag_2013_3" width="611" height="458" srcset="http://direktorenvereinigung-sachsen.de/wp-content/uploads/2016/11/direktorentag_2013_3-300x225.jpg 300w, http://direktorenvereinigung-sachsen.de/wp-content/uploads/2016/11/direktorentag_2013_3.jpg 730w" sizes="(max-width: 611px) 100vw, 611px" /><br />
Ein Blick in die Workshops</p>

<p>Unserer Einladung zum ersten sächsischen Direktorentag der Schulart Gymnasien waren 46 Schulleiterinnen und Schulleiter gefolgt. Überraschend hoch war dabei das Interesse der Vertreter der freien Schulen, deren Arbeitsauftrag der amtierende Vorstand selbstverständlich in die zukünftige Schwerpunktsetzung einbeziehen wird. Anliegen der Tagung war es, mit den Schulleitungen der Gymnasien ins Gespräch zu kommen, um perspektivisch die <a href="http://direktorenvereinigung-sachsen.de/?page_id=141" class="more-link">...weiterlesen<span class="screen-reader-text"> "Direktorentag am 2.10.2013"</span></a></p>
